ue of 4 - (0 + -2 + 8)?
-2
Evaluate 3 + 14 + -8 - 5.
4
(-6 - (-12 + 10)) + 8 + 1
5
Calculate 1 + 2 - -5 - 5.
3
What is (-44 - -29) + 7 + 2?
-6
Evaluate -1 - (1 + -2 - 3) - -1.
4
Evaluate (7 - 11 - -4) + -4.
-4
What is the value of -6 + -4 + 9 + -1?
-2
Evaluate 1 - (0 - (-1 + -2)).
-2
Evaluate -14 - (1 + -6 + -5).
-4
Calculate 9 - 6 - (-1 + 3).
1
Calculate (-6 + 8 - 7) + 0.
-5
What is the value of (1 - 4) + 2 - (-1 - 1)?
1
What is the value of -19 - -20 - (0 - -1)?
0
Evaluate (16 - 14) + 2 + 0.
4
What is -8 + (8 - -11) + -6?
5
What is -3 - 1 - (13 + (15 - 30))?
-2
Calculate 77 - 83 - ((2 - 0) + -1).
-7
Evaluate -2 + 0 + (2 + -2 - -1).
-1
Evaluate 1 + 0 + 1 + -4 - -3.
1
4 + -1 - (2 - 0)
1
Evaluate 4 - (3 - (0 - 4) - 4).
1
What is -8 + -4 + 0 + 10?
-2
What is the value of (6 - (1 - 2)) + -4?
3
Calculate 3 + (6 - -1 - (16 + -9)).
3
What is 2 + (-2 + 1 + 3 - 0)?
4
Evaluate 9 - ((-15 - -8) + 17).
-1
Calculate (7 - 11) + 4 - -2.
2
Calculate -2 - (3 - 7) - (0 + -1).
3
Calculate -8 - -1 - (-3 - (3 - 4)).
-5
Calculate 4 - (-7 + 7 + 5).
-1
Calculate (2 - (-1 + -3)) + (69 - 80).
-5
Evaluate -9 + (-1 - -1) + 12.
3
What is the value of -5 - (1 - (10 - -1))?
5
What is the value of -3 + 2 - ((1 - 4) + -3)?
5
What is (-1 + 1 - -6) + (2 - 14)?
-6
Calculate (9 - (-6 - -6)) + -3 - -2.
8
What is -1 + (4 - (-1 - (-2 - 2)))?
0
What is the value of -7 + 11 + (-3 - -6)?
7
Evaluate 9 - (-4 - (-3 + -9)).
1
-1 - 1 - (-19 + 21)
-4
Calculate -2 + (-1 - (-3 - -5)) + 1.
-4
0 - 1 - -5 - (0 - -5)
-1
Evaluate -3 + 7 + -3 + 5 + -3.
3
Evaluate (6 - -1) + (-5 - -3).
5
What is 5 - (-8 - 2 - -12)?
3
What is 9 - (-11 + 11) - 6?
3
What is 5 - (8 + -1 - -3)?
-5
Evaluate (14 + -5 - 7) + 0.
2
What is 2 - (11 - (-4 + 10))?
-3
What is the value of (-2 - -3) + 3 + -3 + 2?
3
What is the value of (0 - -2) + (-5 + -5 - -6)?
-2
What is the value of (8 - 21) + 7 - (-1 + -14)?
9
Evaluate 3 + 4 + -3 + (0 - 2).
2
What is the value of -2 - (5 + -14) - (0 + 8)?
-1
What is the value of -7 + 2 - (7 - 10)?
-2
Calculate -1 - (2 + -12) - 9.
0
Calculate -7 + 12 + (-2 - (-7 + 4)).
6
(-2 - (-6 - -3)) + 0 + 1
2
What is -2 + 3 + (-5 - (3 - 6))?
-1
Calculate 10 + 6 + -16 + -1.
-1
Calculate 2 + -2 + -1 + -5.
-6
What is the value of 13 + -19 + (5 - 1)?
-2
5 - 2 - (6 - 8)
5
What is (-1 - -1) + (-4 - (5 + -9))?
0
What is -4 + -2 + (-5 - -11) - -2?
2
Calculate -17 + (43 + -44 - (-1 + -6)).
-11
What is the value of (0 - (2 - 1)) + 0 + -5?
-6
Calculate (18 - 22) + (-2 - -6) + 0.
0
(3 - 1) + (0 - 2 - -3)
3
What is the value of (-3 - 5) + 3 - (-2 - -1)?
-4
-6 + 5 - (1 - -2)
-4
Calculate -11 + (-2 - -9) - -12.
8
Calculate 0 - ((-2 + 11 - 6) + 2).
-5
What is -7 + 4 - (2 + -6) - 1?
0
What is -16 + (1 + 4 - -1)?
-10
What is the value of -13 + (-10 - -35) + -11?
1
What is the value of 3 - (8 + (5 - 8)) - 1?
-3
Calculate (-16 - -13) + (-1 - -2) - 1.
-3
Calculate -2 + 3 + (8 - 6).
3
Evaluate -1 + 13 - (-19 - -28).
3
Calculate 11 - -1 - (60 - 49).
1
What is the value of 79 - 81 - (0 - 3)?
1
What is -4 + (1 - -2) + 1 + -1?
-1
Calculate 4 - (4 + (4 - 8)).
4
4 + 0 - (1 + (7 - 7))
3
What is -3 - (-2 + (1 - 1) + 3)?
-4
Evaluate 0 + 0 - (-4 + 2 + 6).
-4
Evaluate -3 - (-7 - (-4 + 4) - -3).
1
-6 + 5 + 7 - 6
0
Evaluate (-5 - -3) + 4 + 2.
4
Evaluate -11 - (-5 - 5) - 1.
-2
5 - (-6 + 13 - -3)
-5
What is the value of 6 + 0 - (-100 + 97)?
9
Calculate -4 - (0 - (6 + 2 + -4)).
0
Evaluate -3 + (-4 + 12 - 6).
-1
What is -4 + 3 - -2 - (3 - 3)?
1
What is the value of 7 + -7 + (-2 - -3)?
1
What is 5 + (-4 - -6) - 4?
3
What is the value of 2 + -1 + 7 + -5?
3
2 + -3 - -7 - (-15 - -17)
4
Evaluate 2 - (-5 - (-3 + -5)).
-1
What is -5 + -3 + -2 + 5?
-5
Calculate -3 - -7 - (0 - -2).
2
What is the value of 1 + 5 + -9 + 2 - 6?
-7
What is the value of -1 + 12 - 3 - (16 - 12)?
4
Evaluate 18 - 25 - (0 - -2).
-9
4 + (-12 - (-3 + 4)) - -5
-4
Evaluate -3 + (12 - (15 - 10)).
4
6 + 2 + (-8 - (-7 - -1))
6
1 - 4 - (10 - (-2 + 11))
-4
What is the value of 1 + 11 - (-206 + 208)?
10
What is 3 + -2 - (-3 + 4 + 5)?
-5
Calculate 36 + -32 - (2 - -9).
-7
-1 + (0 - (1 - 2))
0
Calculate 2 - (2 + 1 - -5).
-6
-3 - (0 + (2 - 5) + 3)
-3
1 + -5 + 2 + -1
-3
(-7 - (-1 - 8)) + 1
3
What is the value of -14 + 9 + 4 + -3?
-4
What is the value of 0 + (9 - 5 - 11 - -3)?
-4
Evaluate (2 - 5) + 64 + -60.
1
What is the value of -6 + 1 + 0 + (1 - 2)?
-6
-2 + 5 + -3 - (8 - 3)
-5
Calculate 11 + (-1 - 6) + 3.
7
What is the value of 1 + -4 + (-6 - -11)?
2
Calculate -7 - -15 - (11 + 0).
-3
Calculate 8 - (4 + 3 + 0 + -3).
4
Calculate (3 - 5) + (3 - -2) + 2.
5
Evaluate (-22 - -8) + (2 - -3) + 1.
-8
Calculate (-2 - (3 + 0)) + 2.
-3
Evaluate 2 + (0 - (-1 + 1)).
2
Evaluate -3 - (-2 + -8 + 5).
2
Calculate -4 - (2 + -6 + -5).
5
What is the value of 3 + 3 - 0 - (7 + 3)?
-4
-4 + -5 + 16 + -16
-9
What is the value of 8 - (17 + -3) - (1 + -8)?
1
-3 + 8 - 12 - -6
-1
Evaluate -3 - -1 - (-10 + 12 - 4).
0
Calculate 5 + (3 - 1 - 7 - -3).
3
What is -3 + -1 - (-11 - 0 - -6)?
1
Calculate 2 + (5 - (-1 + 1)).
7
Calculate -16 + (-1 - -2) + 13.
-2
0 + -1 + -3 + -5 + 4
-5
What is -3 + 4 + (-7 - -4) + 2?
0
Evaluate 2 + -2 - (-4 + 12 + -5).
-3
What is -5 - (2 + 1 + 1 - 9)?
0
-9 - (5 - 5 - (4 - 0))
-5
Calculate -1 + -1 + (12 - 6) + -5.
-1
Calculate 1 - ((4 - 5) + 4).
-2
-28 + 40 - (2 - -6)
4
What is the value of -1 - (-1 + 2 + -8)?
6
What is the value of -2 + (-1 - 1 - (-45 - -38))?
3
Calculate (-2 - -1 - -3) + 5 - 3.
4
-165 - -150 - (-9 + -1)
-5
What is 4 + (2 - 3) + -4?
-1
5 + -5 + -2 - (2 - 1)
-3
What is (4 - 3) + (4 - (4 - -1))?
0
Calculate -6 + (-2 - -1) - (-148 - -151).
-10
(93 - 103) + 7 + 1
-2
Evaluate 4 - (3 - (-2 - 6)).
-7
What is the value of 5 + (-2 - (-12 + 5 + 6))?
4
What is 0 + 1 - (6 + -7)?
2
Evaluate -2 + 2 + (13 - 6).
7
1 - (-4 + 2) - (8 - 2)
-3
What is the value of (6 - (4 + -4 - -5)) + -4?
-3
What is -2 - (4 - 2) - -13?
9
Calculate -2 - (-4 + 5 + 0).
-3
Evaluate 5 + -2 + 1 + 2 + -5.
1
What is 2 + (4 - 3) - 4?
-1
What is the value of 1 + 4 + -4 + -4?
-3
Calculate -1 + 2 - (-13 + 18).
-4
3 - (-7 - -9) - -6
7
Calculate -6 + 1 - ((-3 - -7) + -6).
-3
Calculate -2 + 2 + (9 - 13) + -1.
-5
What is -4 + (0 - -4) - -5?
5
What is the value of (-2 - -20) + -25 + (1 - -4)?
-2
Calculate 7 + -9 + (-4 - (-10 - -1)).
3
Calculate 0 + -3 + -2 + (5 - 1).
-1
Evaluate 0 + (3 - -3) + -3 - 0.
3
What is 0 + -3 - -3 - (13 - 15)?
2
Calculate 13 - (36 - 16) - (0 + -8).
1
What is (17 - 9) + (3 - 7)?
4
1 + (-25 - -8 - -6)
-10
What is 2 + -1 - (4 - (4 + -1))?
0
What is (-15 - -18 - (-1 + -1)) + 0?
5
Calculate 1 + 0 - (-4 + 12 + -4).
-3
What is the value of -6 + (-1 - -3) - -7?
3
Calculate 18 - (-21 + 39) - (1 + -6).
5
(-1 - -1) + (22 - 27)
-5
Calculate -3 - ((0 - -1) + (-2 - -3)).
-5
(5 - 1 - 6) + 3
1
What is 9 - (5 - 6) - 9?
1
What is (0 - 1) + (2 - 1 - -1)?
1
What is the value of (-1 - -10) + (11 - 15)?
5
Evaluate (4 - -2) + 0 + 0.
6
Evaluate 0 - (0 - (1 + (6 - 5))).
2
-10 - -9 - (2 + -3)
0
What is -5 + (2 - -3 - -3)?
3
Evaluate 0 + (-1 - 4) - (-7 - -4).
-2
What is the value of 2 - -2 - (-1 + 3)?
2
(2 - 4 - 4) + 4
-2
Evaluate (2 - -2) + (9 - 15) + 4.
2
-1 + 5 + (-15 - -7) + 4
0
2 - (-1 - (0 + -4))
-1
What is -5 + -2 + 6 + -2?
-3
5 + (-6 - 1) + 2
0
Evaluate -1 + (16 + 3 - 11).
7
Evaluate 6 - 12 - (0 + -2).
-4
Calculate -3 + 0 + 4 - (-2 - -2).
1
-1 - (1 + 4 + (-2 - -1))
-5
Calculate 4 - -3 - 1 - 8.
-2
-4 + (11 - 9) + (1 - 0)
-1
What is the value of (21 - (0 + 9)) + -6?
6
What is the value of 14 - 13 - (-2 - 1)?
4
Calculate (-221 - -216) + 0 + 1 + 6.
2
Calculate -3 + (-7 - -6 - 0).
-4
1 + (0 + 3 - 3)
1
What is (18 - 9) + 5 - 6?
8
Evaluate -7 - ((-9 - (2 + -6)) + 3).
-5
What is -7 + -1 - (49 - 46) - -8?
-3
Evaluate (14 + -18 - (0 + -8)) + -1.
3
Evaluate 4 - (-9 + 2 + 8).
3
-7 + (13 - (-4 - (0 - 4)))
6
-6 + (3 + (-2 - -1) - 2)
-6
Evaluate (-15 - -8) + 9 + 0 + -3.
-1
Calculate -8 + -4 + 27 + -11.
4
What is 12 + (4 - 12) + 0?
4
Calculate (-2 - -6) + -11 + 3 - 0.
-4
Calculate -18 + 24 + -13 + 5 + -1.
-3
What is the value of 4 + 0 - (18 + -18)?
4
What is 0 - (5 - (-13 + 24))?
6
5 - (-4 - -13) - (2 + -12)
6
Calculate (-1 - (10 - 8)) + 5.
2
33 - 29 - (3 + (2 - 3))
2
What is the value of (-16 - -16) + (0 - 3)?
-3
Calculate (-2 - -1 - (4 + -4)) + 6.
5
What is 647 + -634 - ((0 - -6) + -1)?
8
Evaluate (-15 + 5 - -15) + 0.
5
Evaluate 1 - (-1 - 3